 prime?
False
Is 40277 prime?
True
Is 828277 a composite number?
False
Is 345407 a prime number?
False
Is 23929 a prime number?
True
Is 1324199 a composite number?
False
Is 506603 composite?
True
Is 17519 a prime number?
True
Is 420191 a prime number?
True
Is 13883 a prime number?
True
Is 67661 composite?
True
Is 1657 a composite number?
False
Is 718973 prime?
True
Is 5534 composite?
True
Is 14585 a composite number?
True
Is 11962 composite?
True
Is 440203 a prime number?
True
Is 2207 a composite number?
False
Is 8657 composite?
True
Is 32561 composite?
False
Is 11863 a prime number?
True
Is 6761 composite?
False
Is 1752145 composite?
True
Is 16619 a prime number?
True
Is 739 a composite number?
False
Is 139477 a composite number?
True
Is 57074 a prime number?
False
Is 448765 prime?
False
Is 10223 a composite number?
False
Is 2287 prime?
True
Is 124537 a prime number?
False
Is 1441 a prime number?
False
Is 3271 a prime number?
True
Is 680123 a composite number?
False
Is 4253 a composite number?
False
Is 86947 composite?
True
Is 49109 composite?
False
Is 91789 a prime number?
False
Is 15761 prime?
True
Is 10907 composite?
True
Is 244527 a composite number?
True
Is 212167 composite?
False
Is 3299 a composite number?
False
Is 24853 a prime number?
False
Is 40143 prime?
False
Is 1362089 a composite number?
False
Is 2237 a composite number?
False
Is 239 a prime number?
True
Is 4327 a prime number?
True
Is 35339 prime?
True
Is 2073457 prime?
True
Is 75527 prime?
True
Is 3203 prime?
True
Is 539026 composite?
True
Is 8054 prime?
False
Is 3277 prime?
False
Is 23207 composite?
True
Is 19069 composite?
False
Is 25495 a prime number?
False
Is 172997 a composite number?
True
Is 5627 prime?
False
Is 131891 prime?
True
Is 4349027 a composite number?
False
Is 6959 a composite number?
False
Is 1903 a prime number?
False
Is 808063 prime?
False
Is 8147 prime?
True
Is 455509 a composite number?
True
Is 49339 composite?
False
Is 8542 a composite number?
True
Is 19351 a prime number?
False
Is 78779 a composite number?
False
Is 10007 composite?
False
Is 14419 prime?
True
Is 29603 a prime number?
False
Is 7291 prime?
False
Is 40159 composite?
True
Is 564533 prime?
True
Is 52627 a prime number?
True
Is 1027 composite?
True
Is 1482587 a composite number?
True
Is 84209 prime?
False
Is 2777 prime?
True
Is 360926 a prime number?
False
Is 37385 composite?
True
Is 240791 prime?
False
Is 581407 a prime number?
True
Is 3407 a prime number?
True
Is 218579 a prime number?
True
Is 19 a composite number?
False
Is 3223 composite?
True
Is 670805 prime?
False
Is 1657 composite?
False
Is 26903 a prime number?
True
Is 314329 a composite number?
False
Is 390307 prime?
True
Is 44543 prime?
True
Is 4751 a composite number?
False
Is 139957 composite?
True
Is 88843 a composite number?
False
Is 641 a prime number?
True
Is 99901 a prime number?
True
Is 13607 a composite number?
True
Is 292223 a prime number?
True
Is 289441 a composite number?
True
Is 44353 a prime number?
False
Is 37429 prime?
False
Is 24589 a composite number?
True
Is 2969081 a prime number?
False
Is 46381 a composite number?
False
Is 14981 a composite number?
True
Is 426562 prime?
False
Is 34915 composite?
True
Is 76227 a prime number?
False
Is 14995 prime?
False
Is 3183 a composite number?
True
Is 93437 a prime number?
False
Is 144961 a prime number?
True
Is 10037 prime?
True
Is 17183 prime?
True
Is 30911 a composite number?
False
Is 2344741 a prime number?
False
Is 143947 a composite number?
False
Is 189817 a composite number?
False
Is 63659 composite?
False
Is 10007 a prime number?
True
Is 92182 composite?
True
Is 41443 a composite number?
False
Is 430393 prime?
True
Is 21269 prime?
True
Is 276739 a prime number?
True
Is 13217 prime?
True
Is 2494631 composite?
True
Is 945482 prime?
False
Is 50033 a prime number?
True
Is 112687 a composite number?
False
Is 21253 composite?
True
Is 434141 prime?
True
Is 2722 a prime number?
False
Is 91703 a composite number?
False
Is 533093 a prime number?
False
Is 207617 a composite number?
True
Is 228043 a prime number?
False
Is 146831 prime?
False
Is 12713 a prime number?
True
Is 977 a prime number?
True
Is 4198 composite?
True
Is 7627 a prime number?
False
Is 66221 a composite number?
False
Is 250169 a prime number?
True
Is 8503 a prime number?
False
Is 80839 composite?
True
Is 11083 prime?
True
Is 22441 a prime number?
True
Is 290101 a prime number?
False
Is 714163 a composite number?
False
Is 41867 a prime number?
False
Is 54887 a prime number?
False
Is 144397 prime?
False
Is 17093 composite?
False
Is 400781 composite?
True
Is 42899 prime?
True
Is 4049089 prime?
False
Is 936679 a prime number?
True
Is 18301 a prime number?
True
Is 166909 prime?
True
Is 4492469 a composite number?
False
Is 5959 a composite number?
True
Is 635 composite?
True
Is 1057297 prime?
False
Is 12695 composite?
True
Is 1361 a composite number?
False
Is 123599 prime?
False
Is 59459 a prime number?
False
Is 43729 a composite number?
True
Is 288767 prime?
True
Is 1262 a composite number?
True
Is 581549 a composite number?
False
Is 4322 composite?
True
Is 4201 prime?
True
Is 6421 a prime number?
True
Is 301649 prime?
True
Is 1055 prime?
False
Is 921 prime?
False
Is 359713 a prime number?
True
Is 59071 composite?
True
Is 34693 prime?
True
Is 33403 a composite number?
False
Is 629553 prime?
False
Is 3047 prime?
False
Is 344739 a prime number?
False
Is 18883 composite?
True
Is 4241 a prime number?
True
Is 623 a prime number?
False
Is 5227 prime?
True
Is 4727 composite?
True
Is 1637 prime?
True
Is 654257 a composite number?
False
Is 226877 prime?
False
Is 209809 a composite number?
False
Is 27011 composite?
False
Is 196073 a composite number?
False
Is 30727 composite?
False
Is 4073 a composite number?
False
Is 178289 composite?
False
Is 15721 prime?
False
Is 26769 composite?
True
Is 2078989 a prime number?
False
Is 53047 prime?
True
Is 289715 a composite number?
True
Is 2293 composite?
False
Is 3313 a prime number?
True
Is 9803 a composite number?
False
Is 4857 a prime number?
False
Is 19347 prime?
False
Is 26171 prime?
True
Is 20533 a prime number?
True
Is 710237 a prime number?
False
Is 455881 composite?
False
Is 32353 a composite number?
False
Is 5297 a prime number?
True
Is 173467 composite?
True
Is 4561 a composite number?
False
Is 6439 composite?
True
Is 30035 a prime number?
False
Is 193879 a prime number?
False
Is 32347 a composite number?
True
Is 4861 a composite number?
False
Is 100397 a composite number?
True
Is 52907 a prime number?
False
Is 25453 a composite number?
False
Is 2429 composite?
True
Is 99001 a prime number?
False
Is 288493 a prime number?
True
Is 384953 prime?
False
Is 2503 a prime number?
True
Is 31469 prime?
True
Is 5131 a composite number?
True
Is 85433 prime?
False
Is 17035 composite?
True
Is 376979 a composite number?
True
Is 18323 a prime number?
False
Is 99701 composite?
True
Is 12371 a prime number?
False
Is 3223 composite?
True
Is 1230595 prime?
False
Is 44249 composite?
False
Is 493669 prime?
False
Is 63517 prime?
False
Is 130513 composite?
False
Is 3711 composite?
True
Is 231799 prime?
True
Is 25383 a prime number?
False
Is 11821 composite?
False
Is 6821 composite?
True
Is 2437 a prime number?
True
Is 114031 a composite number?
False
Is 1727 a prime number?
False
Is 2841 a prime number?
False
Is 14269 composite?
True
Is 19603 prime?
True
Is 78691 prime?
True
Is 71317 a prime number?
True
Is 19301 a composite number?
False
Is 228281 a prime number?
True
Is 2053 prime?
True
Is 2993 a prime number?
False
Is 1361 a composite number?
False
Is 188011 composite?
False
Is 68165 prime?
False
Is 115183 a composite number?
False
Is 24517 a prime number?
True
Is 1543 a composite number?
False
Is 452077 a composite number?
False
Is 2861 a composite number?
False
Is 3353 prime?
False
Is 13894 a composite number?
True
Is 63967 a composite number?
True
Is 2042347 composite?
False
Is 174821 a composite number?
False
Is 44909 prime?
True
Is 2901 a composite number?
True
Is 1117 composite?
False
Is 114887 prime?
False
Is 741101 a prime number?
True
Is 886417 a prime number?
False
Is 9967 a prime number?
True
Is 3407 prime?
True
Is 27323 composite?
True
Is 62207 a composite number?
False
Is 2579 